 of n.
3
Suppose -r + 3*r + 24 = 0. Let v be r/18 + 35/3. Let j = -4 + v. What are the prime factors of j?
7
Suppose 4*c - 33 - 11 = 0. Suppose 4*p - 1515 = -c*p. What are the prime factors of p?
101
Let r(a) = a**2 - 2*a - 2. Let u be r(4). Let t(o) = 8 + 0 + 4 - u*o. List the prime factors of t(-6).
2, 3
Let z(v) = 3*v - 4. Let c be z(-7). Let o = 22 - c. What are the prime factors of o?
47
Suppose -32892 = -71*s + 407. What are the prime factors of s?
7, 67
Suppose 0 = c - y + 7, -4 = 3*y - 16. Let a be c/((-3)/2*1). Suppose -a*b + 2 = -10. What are the prime factors of b?
2, 3
Let j(n) = 1. Let h(k) = -3*k - 36. Let r(u) = -2*h(u) - 66*j(u). Let q be r(-11). What are the prime factors of q/(-3)*(-3)/(-6)?
2, 5
Let b(n) = 2734*n**2 + 4*n - 5. What are the prime factors of b(1)?
3, 911
What are the prime factors of 6024/(-12)*(-49)/14?
7, 251
Suppose 0 = -4*o + 3*o + 2. Let w be 8/(-3 - 1) + o. What are the prime factors of (36 - w - -1) + -2?
5, 7
Let q = -90 + 269. List the prime factors of q.
179
Suppose -4*u + 5486 = u + 2*l, -4*u + l = -4381. List the prime factors of u.
2, 137
Suppose 2*o = 2592 + 6134. List the prime factors of o.
4363
Let x = 5399 + -3346. What are the prime factors of x?
2053
List the prime factors of (3/(-2))/(5/32880*-8).
3, 137
Suppose 10 = -2*s, 4*h - 15 = 3*s - 140. Let y be (60/(-8) + 3)*-18. Let a = y + h. List the prime factors of a.
2, 23
Let x = 13236 - 9316. List the prime factors of x.
2, 5, 7
Let c = -12 - -10. Let g(w) = -w + 5. List the prime factors of g(c).
7
Let x = 24 - 31. List the prime factors of 40 - x/((-21)/9).
37
Suppose -j + 49 = -4*d, -9 = 5*d + 6. What are the prime factors of j?
37
Let x = -5 - 0. Let i be (-7)/((-70)/4)*x. List the prime factors of 2/(i/(-13)) + -3.
2, 5
Let g be -15*3/(-9) + 4. Suppose 3*d - 36 = g. What are the prime factors of d?
3, 5
Let z = 24 - 21. Suppose g + 0*y - 73 = -2*y, -2*g + 150 = z*y. Let q = 129 - g. What are the prime factors of q?
2, 3
Let d(l) = 2*l**2 + 3*l + 2. Let j be d(-4). Suppose 0 = -v + 10 - 12. Let c = v + j. What are the prime factors of c?
2, 5
Suppose -529 = 3*p - 2*v, -3*v + 8*v - 338 = 2*p. Let g = -78 - p. List the prime factors of g.
101
Let v(k) be the first derivative of k**3/3 - 5*k**2/2 + 3*k + 6. Let d(i) = i**3 - 7*i**2 + 6*i + 6. Let n be d(6). List the prime factors of v(n).
3
Let r = 129 - 61. Let k = -35 + r. List the prime factors of k.
3, 11
Suppose -2*a + 2*q + 664 = 0, a + a = -5*q + 636. List the prime factors of a.
2, 41
Let r = 71 + -73. Let k(w) = 13*w**2 + 3*w + 4. What are the prime factors of k(r)?
2, 5
Let f = 136 - 67. Suppose 5*l = -3*j + 196, 0 = -0*j - j + 2*l + f. Suppose -4*v + 5*o - j = -6*v, 4*v = -5*o + 139. List the prime factors of v.
2, 3
Let i = 1586 + -1084. What are the prime factors of ((-3)/(-2))/(3/i)?
251
Let o = 17289 - 6553. What are the prime factors of ((-196)/68 - -3) + o/68?
2, 79
Suppose 5*c = 820 + 570. Let o = c - 101. List the prime factors of o.
3, 59
List the prime factors of (-4)/(-44) - (-27718)/22.
2, 3, 5, 7
Suppose 6*u - 2*j + 411 = 7*u, 0 = -3*u - 5*j + 1230. What are the prime factors of u?
3, 5
Suppose -s = -2*t - 76 - 205, t - 4 = 0. List the prime factors of s.
17
What are the prime factors of 3/(-4) + (-3303)/(-36) + -6?
5, 17
Let s(c) = 19*c**2 - 21*c - 35. List the prime factors of s(-11).
5, 499
Let s(y) be the third derivative of -y**6/120 + 7*y**5/60 + 5*y**4/12 + y**2 + 16*y. Suppose v + 8 = p, 4*p - 32 = 2*v - 0. What are the prime factors of s(p)?
2
Let n = -184 - -620. List the prime factors of n.
2, 109
Let n = -1086 + 1585. What are the prime factors of n?
499
Suppose 4*r + 16 = 28. Suppose -r*n = -26 - 289. List the prime factors of n.
3, 5, 7
Suppose 154 = -2021*w + 2023*w. What are the prime factors of w?
7, 11
Let s(k) = 12*k + 4. Let x be s(-1). Let h = 34 + x. What are the prime factors of h?
2, 13
Suppose 1230 + 444 = 2*z. List the prime factors of z.
3, 31
Suppose 0 = -2*h - 3*h. Suppose 29 = m + 5. Suppose 2*t - m - 46 = h. What are the prime factors of t?
5, 7
Let m = 334 + -60. Let k = -133 + m. What are the prime factors of k?
3, 47
Suppose 0 = -4*n + 2*z - 746 + 4876, 3*n - 5*z - 3108 = 0. What are the prime factors of n?
1031
Let h(q) = q + 2. Let k be h(5). Let i(o) = -o**2 + 7*o. Let l be i(k). Suppose n = -l*n + 16. What are the prime factors of n?
2
Suppose 3*l - 3*n = -0*l - 3, 7 = -l + 3*n. Suppose l*x - 138 = 226. List the prime factors of x.
2, 7, 13
Suppose 4*j = 3*c - 496, -c - 2*c - j + 476 = 0. List the prime factors of c.
2, 5
Suppose 2*y - 15 = -3. Let x(h) = -3*h**2 + 37*h - 5. What are the prime factors of x(y)?
109
Let w = -3733 - -5415. What are the prime factors of w?
2, 29
Let q be (3 - 8/(-4)) + 0. Suppose q*n - 141 = -26. Suppose 3*t - n = -w + 42, 5*w - 94 = -4*t. What are the prime factors of t?
3, 7
Let h(s) be the third derivative of -s**4/24 + 5*s**3/6 - 10*s**2. Let c be h(0). Suppose -3*y = c*w + 2*y - 65, 4*y + 25 = 3*w. List the prime factors of w.
11
Suppose -73 = -6*v + 185. Let o = -28 + v. List the prime factors of o.
3, 5
Suppose -5*f + 53 + 27 = 0. Suppose r - u = -0*r - 1, 4*u = -2*r + f. Suppose 3*t + 102 = 3*z, z + 28 = r*z + 2*t. What are the prime factors of z?
2
Suppose -4*i = -2*v - 780, 2*v + 388 = 2*i - 2. What are the prime factors of i?
3, 5, 13
Suppose 3*o - 1405 = -i + 5*o, 0 = 5*i - 2*o - 6985. List the prime factors of i.
3, 5, 31
Let f(d) be the second derivative of 0 + 2*d + 1/2*d**3 + d**2. What are the prime factors of f(5)?
17
Suppose 3*j - 5*j = -3*y + 2042, 0 = -3*y - 4*j + 2072. What are the prime factors of y?
2, 3, 19
Suppose -14653 = -10*c + 11257. What are the prime factors of c?
2591
Let w be 2 - (0 + -1)*21. Suppose 3 = -5*k - 2. List the prime factors of 0/(5 + k) + w.
23
Let q = -5 - -8. Suppose 2*u = -q*o + 4, -u + 5 = 3*o + 3. Suppose -4*g + o*g + 172 = 0. What are the prime factors of g?
43
Let v = 1266 + -634. What are the prime factors of v?
2, 79
Suppose 5*s - 13*s - 40 = 0. What are the prime factors of s + 0 + 4 + (41 - -4)?
2, 11
List the prime factors of -1 + -2 - (-25740)/26.
3, 7, 47
Suppose -13*c + 12*c = 0. Let s = -3 - -5. Suppose 3*d - w = s*w, 5*d - w - 8 = c. List the prime factors of d.
2
Suppose 2*v + 0 = 4. Suppose 2*l - 4*a - 10 = -2, 8 = 3*l - v*a. Suppose -b + 78 = l*b. List the prime factors of b.
2, 13
Suppose -137 = -6*y - 11. Suppose -5 = d - y. What are the prime factors of d?
2
List the prime factors of (0 + 440 - -6)*(-9)/(-6).
3, 223
Let v(k) = 20*k**3 - 2*k + 60*k**2 + 66*k**2 - 2 - 129*k**2. List the prime factors of v(2).
2, 71
Let h(q) = 96*q + 287. What are the prime factors of h(32)?
3359
Let p(n) = n**3 - 10*n**2 - 8*n + 19. Let i be p(13). Suppose 5*a - a - 3*t = i, 5*a + 5*t - 510 = 0. List the prime factors of a.
2, 13
Suppose 5*m = 10 - 25. What are the prime factors of (1*(m - -74))/1?
71
Let i(a) = 8*a**2 - 42*a - 46. What are the prime factors of i(19)?
2, 7, 73
Let s = -113 - -202. List the prime factors of s.
89
Suppose -f - 5*f = 204. What are the prime factors of (-935)/f + 6/(-4)?
2, 13
Suppose 0 = 2*h - 504 - 760. List the prime factors of h.
2, 79
Suppose 16 = q + 7*q. Suppose -q = h - 5*t - 8, -5*h + 4*t + 30 = 0. What are the prime factors of h?
2, 3
Let c = -890 - 826. What are the prime factors of c/(-21) + 10/35?
2, 41
Suppose 0 = 24*h - 19430 - 19474. What are the prime factors of h?
1621
Let v(z) be the second derivative of -1/20*z**5 + 2*z - 1/4*z**4 + 0 + 5/2*z**2 + 7/6*z**3. List the prime factors of v(-5).
2, 5
Let v = -2288 - -3816. List the prime factors of v.
2, 191
Suppose 0 = 23*d - 16*d - 7560. List the prime factors of d.
2, 3, 5
Let g be -1 + (17 - 16)/(0 + 1). List the prime factors of (6/4)/((g + -1)/(-102)).
3, 17
Suppose -4*c + 10438 = 3*i - 3935, -2*i = -2*c + 7190. List the prime factors of c.
2, 3, 599
Suppose 4*i = 4*u + 2228, 2*u = -3*i + 19 + 1677. List the prime factors of i.
2, 281
Let n(f) = 3*f - 13*f + 10 + 9*f. List the prime factors of n(-8).
2, 3
Let y = -1599 + 3725. List the prime factors of y.
2, 1063
Let m = 198 - -6. What are the prime factors of m?
2, 3, 17
Let p = -2 + 5. Let u be 0 - p - (-3 + -2). Suppose 0 = g - u*g, -2*g - 10 = -t. What are the prime factors of t?
2, 5
Let f